{"id":2063,"date":"2025-07-27T18:53:45","date_gmt":"2025-07-27T18:53:45","guid":{"rendered":"https:\/\/nedf.pt\/?page_id=2063"},"modified":"2025-10-30T15:13:19","modified_gmt":"2025-10-30T15:13:19","slug":"feira-de-emprego-e-estagios","status":"publish","type":"page","link":"https:\/\/nedf.pt\/index.php\/feira-de-emprego-e-estagios\/","title":{"rendered":"Feira de Emprego e Est\u00e1gios"},"content":{"rendered":"\t\t<div data-elementor-type=\"wp-page\" data-elementor-id=\"2063\" class=\"elementor elementor-2063\" data-elementor-post-type=\"page\">\n\t\t\t\t\t\t<section class=\"elementor-section elementor-top-section elementor-element elementor-element-a1521a6 elementor-section-boxed elementor-section-height-default elementor-section-height-default\" data-id=\"a1521a6\" data-element_type=\"section\" data-e-type=\"section\">\n\t\t\t\t\t\t<div class=\"elementor-container elementor-column-gap-default\">\n\t\t\t\t\t<div class=\"elementor-column elementor-col-100 elementor-top-column elementor-element elementor-element-1ec9489\" data-id=\"1ec9489\" data-element_type=\"column\" data-e-type=\"column\">\n\t\t\t<div class=\"elementor-widget-wrap elementor-element-populated\">\n\t\t\t\t\t\t<div class=\"elementor-element elementor-element-1edd9f5 elementor-widget elementor-widget-spacer\" data-id=\"1edd9f5\" data-element_type=\"widget\" data-e-type=\"widget\" data-widget_type=\"spacer.default\">\n\t\t\t\t<div class=\"elementor-widget-container\">\n\t\t\t\t\t\t\t<div class=\"elementor-spacer\">\n\t\t\t<div class=\"elementor-spacer-inner\"><\/div>\n\t\t<\/div>\n\t\t\t\t\t\t<\/div>\n\t\t\t\t<\/div>\n\t\t\t\t\t<\/div>\n\t\t<\/div>\n\t\t\t\t\t<\/div>\n\t\t<\/section>\n\t\t\t\t<section class=\"elementor-section elementor-top-section elementor-element elementor-element-a24834d elementor-section-boxed elementor-section-height-default elementor-section-height-default\" data-id=\"a24834d\" data-element_type=\"section\" data-e-type=\"section\">\n\t\t\t\t\t\t<div class=\"elementor-container elementor-column-gap-default\">\n\t\t\t\t\t<div class=\"elementor-column elementor-col-100 elementor-top-column elementor-element elementor-element-1739535\" data-id=\"1739535\" data-element_type=\"column\" data-e-type=\"column\">\n\t\t\t<div class=\"elementor-widget-wrap elementor-element-populated\">\n\t\t\t\t\t\t<div class=\"elementor-element elementor-element-268802d elementor-widget elementor-widget-heading\" data-id=\"268802d\" data-element_type=\"widget\" data-e-type=\"widget\" data-widget_type=\"heading.default\">\n\t\t\t\t<div class=\"elementor-widget-container\">\n\t\t\t\t\t<h2 class=\"elementor-heading-title elementor-size-default\">IX Feira de emprego e est\u00e1gios<\/h2>\t\t\t\t<\/div>\n\t\t\t\t<\/div>\n\t\t\t\t<div class=\"elementor-element elementor-element-6a85595 elementor-widget elementor-widget-heading\" data-id=\"6a85595\" data-element_type=\"widget\" data-e-type=\"widget\" data-widget_type=\"heading.default\">\n\t\t\t\t<div class=\"elementor-widget-container\">\n\t\t\t\t\t<h2 class=\"elementor-heading-title elementor-size-default\">4 a 6 de mar\u00e7o de 2026<\/h2>\t\t\t\t<\/div>\n\t\t\t\t<\/div>\n\t\t\t\t<div class=\"elementor-element elementor-element-21be7be elementor-widget elementor-widget-spacer\" data-id=\"21be7be\" data-element_type=\"widget\" data-e-type=\"widget\" data-widget_type=\"spacer.default\">\n\t\t\t\t<div class=\"elementor-widget-container\">\n\t\t\t\t\t\t\t<div class=\"elementor-spacer\">\n\t\t\t<div class=\"elementor-spacer-inner\"><\/div>\n\t\t<\/div>\n\t\t\t\t\t\t<\/div>\n\t\t\t\t<\/div>\n\t\t\t\t\t<\/div>\n\t\t<\/div>\n\t\t\t\t\t<\/div>\n\t\t<\/section>\n\t\t\t\t<section class=\"elementor-section elementor-top-section elementor-element elementor-element-fd812a6 elementor-section-boxed elementor-section-height-default elementor-section-height-default\" data-id=\"fd812a6\" data-element_type=\"section\" data-e-type=\"section\">\n\t\t\t\t\t\t<div class=\"elementor-container elementor-column-gap-default\">\n\t\t\t\t\t<div class=\"elementor-column elementor-col-100 elementor-top-column elementor-element elementor-element-a9129ba\" data-id=\"a9129ba\" data-element_type=\"column\" data-e-type=\"column\">\n\t\t\t<div class=\"elementor-widget-wrap elementor-element-populated\">\n\t\t\t\t\t\t<div class=\"elementor-element elementor-element-71df2ed elementor-widget elementor-widget-text-editor\" data-id=\"71df2ed\" data-element_type=\"widget\" data-e-type=\"widget\" data-widget_type=\"text-editor.default\">\n\t\t\t\t<div class=\"elementor-widget-container\">\n\t\t\t\t\t\t\t\t\t<p data-start=\"103\" data-end=\"320\">A IX Feira de Emprego e Est\u00e1gios, organizada pelo N\u00facleo de Estudantes do Departamento de F\u00edsica da Associa\u00e7\u00e3o Acad\u00e9mica de Coimbra (NEDF\/AAC), \u00e9 um ponto de encontro entre estudantes e o mundo profissional.<\/p><p data-start=\"322\" data-end=\"548\">Este evento re\u00fane empresas, institui\u00e7\u00f5es e alunos dos cursos de Engenharia Biom\u00e9dica, Engenharia F\u00edsica e F\u00edsica, criando um espa\u00e7o de di\u00e1logo, partilha de experi\u00eancias e descoberta de oportunidades de est\u00e1gio e emprego. Mais do que aproximar os estudantes do mercado de trabalho, a feira pretende capacitar os participantes, ajudando-os a desenvolver tanto as suas compet\u00eancias t\u00e9cnicas como interpessoais, fundamentais para um futuro profissional de sucesso.<\/p>\t\t\t\t\t\t\t\t<\/div>\n\t\t\t\t<\/div>\n\t\t\t\t<div class=\"elementor-element elementor-element-d758fe6 elementor-widget elementor-widget-spacer\" data-id=\"d758fe6\" data-element_type=\"widget\" data-e-type=\"widget\" data-widget_type=\"spacer.default\">\n\t\t\t\t<div class=\"elementor-widget-container\">\n\t\t\t\t\t\t\t<div class=\"elementor-spacer\">\n\t\t\t<div class=\"elementor-spacer-inner\"><\/div>\n\t\t<\/div>\n\t\t\t\t\t\t<\/div>\n\t\t\t\t<\/div>\n\t\t\t\t\t<\/div>\n\t\t<\/div>\n\t\t\t\t\t<\/div>\n\t\t<\/section>\n\t\t\t\t<section class=\"elementor-section elementor-top-section elementor-element elementor-element-c665c41 elementor-section-boxed elementor-section-height-default elementor-section-height-default\" data-id=\"c665c41\" data-element_type=\"section\" data-e-type=\"section\">\n\t\t\t\t\t\t<div class=\"elementor-container elementor-column-gap-default\">\n\t\t\t\t\t<div class=\"elementor-column elementor-col-100 elementor-top-column elementor-element elementor-element-f15b407\" data-id=\"f15b407\" data-element_type=\"column\" data-e-type=\"column\">\n\t\t\t<div class=\"elementor-widget-wrap elementor-element-populated\">\n\t\t\t\t\t\t<div class=\"elementor-element elementor-element-c929fdd elementor-widget elementor-widget-heading\" data-id=\"c929fdd\" data-element_type=\"widget\" data-e-type=\"widget\" data-widget_type=\"heading.default\">\n\t\t\t\t<div class=\"elementor-widget-container\">\n\t\t\t\t\t<h2 class=\"elementor-heading-title elementor-size-default\">ANTIGOS Parceiros<\/h2>\t\t\t\t<\/div>\n\t\t\t\t<\/div>\n\t\t\t\t\t<\/div>\n\t\t<\/div>\n\t\t\t\t\t<\/div>\n\t\t<\/section>\n\t\t\t\t<section class=\"elementor-section elementor-top-section elementor-element elementor-element-dbd817d elementor-section-boxed elementor-section-height-default elementor-section-height-default\" data-id=\"dbd817d\" data-element_type=\"section\" data-e-type=\"section\">\n\t\t\t\t\t\t<div class=\"elementor-container elementor-column-gap-default\">\n\t\t\t\t\t<div class=\"elementor-column elementor-col-20 elementor-top-column elementor-element elementor-element-7b6969e\" data-id=\"7b6969e\" data-element_type=\"column\" data-e-type=\"column\">\n\t\t\t<div class=\"elementor-widget-wrap elementor-element-populated\">\n\t\t\t\t\t\t<div class=\"elementor-element elementor-element-f467c60 elementor-widget elementor-widget-image\" data-id=\"f467c60\" data-element_type=\"widget\" data-e-type=\"widget\" data-widget_type=\"image.default\">\n\t\t\t\t<div class=\"elementor-widget-container\">\n\t\t\t\t\t\t\t\t\t\t\t\t\t\t\t<img fetchpriority=\"high\" decoding=\"async\" width=\"850\" height=\"520\" src=\"https:\/\/nedf.pt\/wp-content\/uploads\/2025\/09\/the-loop-company.png\" class=\"attachment-large size-large wp-image-3385\" alt=\"\" srcset=\"https:\/\/nedf.pt\/wp-content\/uploads\/2025\/09\/the-loop-company.png 850w, https:\/\/nedf.pt\/wp-content\/uploads\/2025\/09\/the-loop-company-300x184.png 300w, https:\/\/nedf.pt\/wp-content\/uploads\/2025\/09\/the-loop-company-768x470.png 768w, https:\/\/nedf.pt\/wp-content\/uploads\/2025\/09\/the-loop-company-230x141.png 230w, https:\/\/nedf.pt\/wp-content\/uploads\/2025\/09\/the-loop-company-350x214.png 350w, https:\/\/nedf.pt\/wp-content\/uploads\/2025\/09\/the-loop-company-480x294.png 480w\" sizes=\"(max-width: 850px) 100vw, 850px\" \/>\t\t\t\t\t\t\t\t\t\t\t\t\t\t\t<\/div>\n\t\t\t\t<\/div>\n\t\t\t\t\t<\/div>\n\t\t<\/div>\n\t\t\t\t<div class=\"elementor-column elementor-col-20 elementor-top-column elementor-element elementor-element-68b392f\" data-id=\"68b392f\" data-element_type=\"column\" data-e-type=\"column\">\n\t\t\t<div class=\"elementor-widget-wrap elementor-element-populated\">\n\t\t\t\t\t\t<div class=\"elementor-element elementor-element-28ecabc elementor-widget elementor-widget-image\" data-id=\"28ecabc\" data-element_type=\"widget\" data-e-type=\"widget\" data-widget_type=\"image.default\">\n\t\t\t\t<div class=\"elementor-widget-container\">\n\t\t\t\t\t\t\t\t\t\t\t\t\t\t\t<img decoding=\"async\" width=\"576\" height=\"424\" src=\"https:\/\/nedf.pt\/wp-content\/uploads\/2025\/09\/Captura-de-ecra-2025-09-10-as-16.08.35.png\" class=\"attachment-large size-large wp-image-3388\" alt=\"\" srcset=\"https:\/\/nedf.pt\/wp-content\/uploads\/2025\/09\/Captura-de-ecra-2025-09-10-as-16.08.35.png 576w, https:\/\/nedf.pt\/wp-content\/uploads\/2025\/09\/Captura-de-ecra-2025-09-10-as-16.08.35-300x221.png 300w, https:\/\/nedf.pt\/wp-content\/uploads\/2025\/09\/Captura-de-ecra-2025-09-10-as-16.08.35-230x169.png 230w, https:\/\/nedf.pt\/wp-content\/uploads\/2025\/09\/Captura-de-ecra-2025-09-10-as-16.08.35-350x258.png 350w, https:\/\/nedf.pt\/wp-content\/uploads\/2025\/09\/Captura-de-ecra-2025-09-10-as-16.08.35-480x353.png 480w\" sizes=\"(max-width: 576px) 100vw, 576px\" \/>\t\t\t\t\t\t\t\t\t\t\t\t\t\t\t<\/div>\n\t\t\t\t<\/div>\n\t\t\t\t\t<\/div>\n\t\t<\/div>\n\t\t\t\t<div class=\"elementor-column elementor-col-20 elementor-top-column elementor-element elementor-element-b0c2df2\" data-id=\"b0c2df2\" data-element_type=\"column\" data-e-type=\"column\">\n\t\t\t<div class=\"elementor-widget-wrap elementor-element-populated\">\n\t\t\t\t\t\t<div class=\"elementor-element elementor-element-30432db elementor-widget elementor-widget-image\" data-id=\"30432db\" data-element_type=\"widget\" data-e-type=\"widget\" data-widget_type=\"image.default\">\n\t\t\t\t<div class=\"elementor-widget-container\">\n\t\t\t\t\t\t\t\t\t\t\t\t\t\t\t<img decoding=\"async\" width=\"1024\" height=\"576\" src=\"https:\/\/nedf.pt\/wp-content\/uploads\/2025\/09\/exatronic-1024x576.jpg\" class=\"attachment-large size-large wp-image-3391\" alt=\"\" srcset=\"https:\/\/nedf.pt\/wp-content\/uploads\/2025\/09\/exatronic-1024x576.jpg 1024w, https:\/\/nedf.pt\/wp-content\/uploads\/2025\/09\/exatronic-300x169.jpg 300w, https:\/\/nedf.pt\/wp-content\/uploads\/2025\/09\/exatronic-768x432.jpg 768w, https:\/\/nedf.pt\/wp-content\/uploads\/2025\/09\/exatronic-1000x563.jpg 1000w, https:\/\/nedf.pt\/wp-content\/uploads\/2025\/09\/exatronic-230x129.jpg 230w, https:\/\/nedf.pt\/wp-content\/uploads\/2025\/09\/exatronic-350x197.jpg 350w, https:\/\/nedf.pt\/wp-content\/uploads\/2025\/09\/exatronic-480x270.jpg 480w, https:\/\/nedf.pt\/wp-content\/uploads\/2025\/09\/exatronic.jpg 1200w\" sizes=\"(max-width: 1024px) 100vw, 1024px\" \/>\t\t\t\t\t\t\t\t\t\t\t\t\t\t\t<\/div>\n\t\t\t\t<\/div>\n\t\t\t\t\t<\/div>\n\t\t<\/div>\n\t\t\t\t<div class=\"elementor-column elementor-col-20 elementor-top-column elementor-element elementor-element-80e00c6\" data-id=\"80e00c6\" data-element_type=\"column\" data-e-type=\"column\">\n\t\t\t<div class=\"elementor-widget-wrap elementor-element-populated\">\n\t\t\t\t\t\t<div class=\"elementor-element elementor-element-8ed5909 elementor-widget elementor-widget-image\" data-id=\"8ed5909\" data-element_type=\"widget\" data-e-type=\"widget\" data-widget_type=\"image.default\">\n\t\t\t\t<div class=\"elementor-widget-container\">\n\t\t\t\t\t\t\t\t\t\t\t\t\t\t\t<img loading=\"lazy\" decoding=\"async\" width=\"1024\" height=\"880\" src=\"https:\/\/nedf.pt\/wp-content\/uploads\/2025\/09\/accenture-logo-1024x880.jpg\" class=\"attachment-large size-large wp-image-3390\" alt=\"\" srcset=\"https:\/\/nedf.pt\/wp-content\/uploads\/2025\/09\/accenture-logo-1024x880.jpg 1024w, https:\/\/nedf.pt\/wp-content\/uploads\/2025\/09\/accenture-logo-300x258.jpg 300w, https:\/\/nedf.pt\/wp-content\/uploads\/2025\/09\/accenture-logo-768x660.jpg 768w, https:\/\/nedf.pt\/wp-content\/uploads\/2025\/09\/accenture-logo-1000x859.jpg 1000w, https:\/\/nedf.pt\/wp-content\/uploads\/2025\/09\/accenture-logo-230x198.jpg 230w, https:\/\/nedf.pt\/wp-content\/uploads\/2025\/09\/accenture-logo-350x301.jpg 350w, https:\/\/nedf.pt\/wp-content\/uploads\/2025\/09\/accenture-logo-480x413.jpg 480w, https:\/\/nedf.pt\/wp-content\/uploads\/2025\/09\/accenture-logo.jpg 1096w\" sizes=\"(max-width: 1024px) 100vw, 1024px\" \/>\t\t\t\t\t\t\t\t\t\t\t\t\t\t\t<\/div>\n\t\t\t\t<\/div>\n\t\t\t\t\t<\/div>\n\t\t<\/div>\n\t\t\t\t<div class=\"elementor-column elementor-col-20 elementor-top-column elementor-element elementor-element-6bbfd27\" data-id=\"6bbfd27\" data-element_type=\"column\" data-e-type=\"column\">\n\t\t\t<div class=\"elementor-widget-wrap elementor-element-populated\">\n\t\t\t\t\t\t<div class=\"elementor-element elementor-element-2a68250 elementor-widget elementor-widget-image\" data-id=\"2a68250\" data-element_type=\"widget\" data-e-type=\"widget\" data-widget_type=\"image.default\">\n\t\t\t\t<div class=\"elementor-widget-container\">\n\t\t\t\t\t\t\t\t\t\t\t\t\t\t\t<img loading=\"lazy\" decoding=\"async\" width=\"400\" height=\"400\" src=\"https:\/\/nedf.pt\/wp-content\/uploads\/2025\/09\/pli_29__164118652964d2576f8e093.png\" class=\"attachment-large size-large wp-image-3392\" alt=\"\" srcset=\"https:\/\/nedf.pt\/wp-content\/uploads\/2025\/09\/pli_29__164118652964d2576f8e093.png 400w, https:\/\/nedf.pt\/wp-content\/uploads\/2025\/09\/pli_29__164118652964d2576f8e093-300x300.png 300w, https:\/\/nedf.pt\/wp-content\/uploads\/2025\/09\/pli_29__164118652964d2576f8e093-150x150.png 150w, https:\/\/nedf.pt\/wp-content\/uploads\/2025\/09\/pli_29__164118652964d2576f8e093-230x230.png 230w, https:\/\/nedf.pt\/wp-content\/uploads\/2025\/09\/pli_29__164118652964d2576f8e093-350x350.png 350w\" sizes=\"(max-width: 400px) 100vw, 400px\" \/>\t\t\t\t\t\t\t\t\t\t\t\t\t\t\t<\/div>\n\t\t\t\t<\/div>\n\t\t\t\t\t<\/div>\n\t\t<\/div>\n\t\t\t\t\t<\/div>\n\t\t<\/section>\n\t\t\t\t<section class=\"elementor-section elementor-top-section elementor-element elementor-element-e7e071e elementor-section-boxed elementor-section-height-default elementor-section-height-default\" data-id=\"e7e071e\" data-element_type=\"section\" data-e-type=\"section\">\n\t\t\t\t\t\t<div class=\"elementor-container elementor-column-gap-default\">\n\t\t\t\t\t<div class=\"elementor-column elementor-col-20 elementor-top-column elementor-element elementor-element-0b92c9a\" data-id=\"0b92c9a\" data-element_type=\"column\" data-e-type=\"column\">\n\t\t\t<div class=\"elementor-widget-wrap elementor-element-populated\">\n\t\t\t\t\t\t<div class=\"elementor-element elementor-element-5aa280f elementor-widget elementor-widget-image\" data-id=\"5aa280f\" data-element_type=\"widget\" data-e-type=\"widget\" data-widget_type=\"image.default\">\n\t\t\t\t<div class=\"elementor-widget-container\">\n\t\t\t\t\t\t\t\t\t\t\t\t\t\t\t<img loading=\"lazy\" decoding=\"async\" width=\"1024\" height=\"576\" src=\"https:\/\/nedf.pt\/wp-content\/uploads\/2025\/09\/bosch-brand-bosch_res_1280x720-1024x576.webp\" class=\"attachment-large size-large wp-image-3393\" alt=\"\" srcset=\"https:\/\/nedf.pt\/wp-content\/uploads\/2025\/09\/bosch-brand-bosch_res_1280x720-1024x576.webp 1024w, https:\/\/nedf.pt\/wp-content\/uploads\/2025\/09\/bosch-brand-bosch_res_1280x720-300x169.webp 300w, https:\/\/nedf.pt\/wp-content\/uploads\/2025\/09\/bosch-brand-bosch_res_1280x720-768x432.webp 768w, https:\/\/nedf.pt\/wp-content\/uploads\/2025\/09\/bosch-brand-bosch_res_1280x720-1000x563.webp 1000w, https:\/\/nedf.pt\/wp-content\/uploads\/2025\/09\/bosch-brand-bosch_res_1280x720-230x129.webp 230w, https:\/\/nedf.pt\/wp-content\/uploads\/2025\/09\/bosch-brand-bosch_res_1280x720-350x197.webp 350w, https:\/\/nedf.pt\/wp-content\/uploads\/2025\/09\/bosch-brand-bosch_res_1280x720-480x270.webp 480w, https:\/\/nedf.pt\/wp-content\/uploads\/2025\/09\/bosch-brand-bosch_res_1280x720.webp 1280w\" sizes=\"(max-width: 1024px) 100vw, 1024px\" \/>\t\t\t\t\t\t\t\t\t\t\t\t\t\t\t<\/div>\n\t\t\t\t<\/div>\n\t\t\t\t\t<\/div>\n\t\t<\/div>\n\t\t\t\t<div class=\"elementor-column elementor-col-20 elementor-top-column elementor-element elementor-element-d77c95e\" data-id=\"d77c95e\" data-element_type=\"column\" data-e-type=\"column\">\n\t\t\t<div class=\"elementor-widget-wrap elementor-element-populated\">\n\t\t\t\t\t\t<div class=\"elementor-element elementor-element-afd5dc3 elementor-widget elementor-widget-image\" data-id=\"afd5dc3\" data-element_type=\"widget\" data-e-type=\"widget\" data-widget_type=\"image.default\">\n\t\t\t\t<div class=\"elementor-widget-container\">\n\t\t\t\t\t\t\t\t\t\t\t\t\t\t\t<img loading=\"lazy\" decoding=\"async\" width=\"673\" height=\"423\" src=\"https:\/\/nedf.pt\/wp-content\/uploads\/2025\/09\/Logo_Closer_Square_Multicolor-e1757517445813.png\" class=\"attachment-large size-large wp-image-3394\" alt=\"\" srcset=\"https:\/\/nedf.pt\/wp-content\/uploads\/2025\/09\/Logo_Closer_Square_Multicolor-e1757517445813.png 673w, https:\/\/nedf.pt\/wp-content\/uploads\/2025\/09\/Logo_Closer_Square_Multicolor-e1757517445813-300x189.png 300w, https:\/\/nedf.pt\/wp-content\/uploads\/2025\/09\/Logo_Closer_Square_Multicolor-e1757517445813-230x145.png 230w, https:\/\/nedf.pt\/wp-content\/uploads\/2025\/09\/Logo_Closer_Square_Multicolor-e1757517445813-350x220.png 350w, https:\/\/nedf.pt\/wp-content\/uploads\/2025\/09\/Logo_Closer_Square_Multicolor-e1757517445813-480x302.png 480w\" sizes=\"(max-width: 673px) 100vw, 673px\" \/>\t\t\t\t\t\t\t\t\t\t\t\t\t\t\t<\/div>\n\t\t\t\t<\/div>\n\t\t\t\t\t<\/div>\n\t\t<\/div>\n\t\t\t\t<div class=\"elementor-column elementor-col-20 elementor-top-column elementor-element elementor-element-b6215cc\" data-id=\"b6215cc\" data-element_type=\"column\" data-e-type=\"column\">\n\t\t\t<div class=\"elementor-widget-wrap elementor-element-populated\">\n\t\t\t\t\t\t<div class=\"elementor-element elementor-element-6ea1542 elementor-widget elementor-widget-image\" data-id=\"6ea1542\" data-element_type=\"widget\" data-e-type=\"widget\" data-widget_type=\"image.default\">\n\t\t\t\t<div class=\"elementor-widget-container\">\n\t\t\t\t\t\t\t\t\t\t\t\t\t\t\t<img loading=\"lazy\" decoding=\"async\" width=\"1024\" height=\"283\" src=\"https:\/\/nedf.pt\/wp-content\/uploads\/2025\/09\/logo-v-cor-1024x283.png\" class=\"attachment-large size-large wp-image-3395\" alt=\"\" srcset=\"https:\/\/nedf.pt\/wp-content\/uploads\/2025\/09\/logo-v-cor-1024x283.png 1024w, https:\/\/nedf.pt\/wp-content\/uploads\/2025\/09\/logo-v-cor-300x83.png 300w, https:\/\/nedf.pt\/wp-content\/uploads\/2025\/09\/logo-v-cor-768x213.png 768w, https:\/\/nedf.pt\/wp-content\/uploads\/2025\/09\/logo-v-cor-1000x277.png 1000w, https:\/\/nedf.pt\/wp-content\/uploads\/2025\/09\/logo-v-cor-230x64.png 230w, https:\/\/nedf.pt\/wp-content\/uploads\/2025\/09\/logo-v-cor-350x97.png 350w, https:\/\/nedf.pt\/wp-content\/uploads\/2025\/09\/logo-v-cor-480x133.png 480w, https:\/\/nedf.pt\/wp-content\/uploads\/2025\/09\/logo-v-cor.png 1301w\" sizes=\"(max-width: 1024px) 100vw, 1024px\" \/>\t\t\t\t\t\t\t\t\t\t\t\t\t\t\t<\/div>\n\t\t\t\t<\/div>\n\t\t\t\t\t<\/div>\n\t\t<\/div>\n\t\t\t\t<div class=\"elementor-column elementor-col-20 elementor-top-column elementor-element elementor-element-ed4acc9\" data-id=\"ed4acc9\" data-element_type=\"column\" data-e-type=\"column\">\n\t\t\t<div class=\"elementor-widget-wrap elementor-element-populated\">\n\t\t\t\t\t\t<div class=\"elementor-element elementor-element-5000297 elementor-widget elementor-widget-image\" data-id=\"5000297\" data-element_type=\"widget\" data-e-type=\"widget\" data-widget_type=\"image.default\">\n\t\t\t\t<div class=\"elementor-widget-container\">\n\t\t\t\t\t\t\t\t\t\t\t\t\t\t\t<img loading=\"lazy\" decoding=\"async\" width=\"200\" height=\"115\" src=\"https:\/\/nedf.pt\/wp-content\/uploads\/2025\/09\/1631342471512-e1757520747169.jpeg\" class=\"attachment-large size-large wp-image-3389\" alt=\"\" \/>\t\t\t\t\t\t\t\t\t\t\t\t\t\t\t<\/div>\n\t\t\t\t<\/div>\n\t\t\t\t\t<\/div>\n\t\t<\/div>\n\t\t\t\t<div class=\"elementor-column elementor-col-20 elementor-top-column elementor-element elementor-element-0584c63\" data-id=\"0584c63\" data-element_type=\"column\" data-e-type=\"column\">\n\t\t\t<div class=\"elementor-widget-wrap elementor-element-populated\">\n\t\t\t\t\t\t<div class=\"elementor-element elementor-element-2289b51 elementor-widget elementor-widget-image\" data-id=\"2289b51\" data-element_type=\"widget\" data-e-type=\"widget\" data-widget_type=\"image.default\">\n\t\t\t\t<div class=\"elementor-widget-container\">\n\t\t\t\t\t\t\t\t\t\t\t\t\t\t\t<img loading=\"lazy\" decoding=\"async\" width=\"720\" height=\"720\" src=\"https:\/\/nedf.pt\/wp-content\/uploads\/2025\/09\/ESA_space_solutions_logo_article-e1757925245184.jpg\" class=\"attachment-large size-large wp-image-3396\" alt=\"\" \/>\t\t\t\t\t\t\t\t\t\t\t\t\t\t\t<\/div>\n\t\t\t\t<\/div>\n\t\t\t\t\t<\/div>\n\t\t<\/div>\n\t\t\t\t\t<\/div>\n\t\t<\/section>\n\t\t\t\t<section class=\"elementor-section elementor-top-section elementor-element elementor-element-bd27e9b elementor-section-boxed elementor-section-height-default elementor-section-height-default\" data-id=\"bd27e9b\" data-element_type=\"section\" data-e-type=\"section\">\n\t\t\t\t\t\t<div class=\"elementor-container elementor-column-gap-default\">\n\t\t\t\t\t<div class=\"elementor-column elementor-col-100 elementor-top-column elementor-element elementor-element-2e04205\" data-id=\"2e04205\" data-element_type=\"column\" data-e-type=\"column\">\n\t\t\t<div class=\"elementor-widget-wrap elementor-element-populated\">\n\t\t\t\t\t\t<div class=\"elementor-element elementor-element-827da75 elementor-widget elementor-widget-spacer\" data-id=\"827da75\" data-element_type=\"widget\" data-e-type=\"widget\" data-widget_type=\"spacer.default\">\n\t\t\t\t<div class=\"elementor-widget-container\">\n\t\t\t\t\t\t\t<div class=\"elementor-spacer\">\n\t\t\t<div class=\"elementor-spacer-inner\"><\/div>\n\t\t<\/div>\n\t\t\t\t\t\t<\/div>\n\t\t\t\t<\/div>\n\t\t\t\t\t<\/div>\n\t\t<\/div>\n\t\t\t\t\t<\/div>\n\t\t<\/section>\n\t\t\t\t<section class=\"elementor-section elementor-top-section elementor-element elementor-element-3fd5891 elementor-section-boxed elementor-section-height-default elementor-section-height-default\" data-id=\"3fd5891\" data-element_type=\"section\" data-e-type=\"section\">\n\t\t\t\t\t\t<div class=\"elementor-container elementor-column-gap-default\">\n\t\t\t\t\t<div class=\"elementor-column elementor-col-100 elementor-top-column elementor-element elementor-element-6704e1b\" data-id=\"6704e1b\" data-element_type=\"column\" data-e-type=\"column\">\n\t\t\t<div class=\"elementor-widget-wrap elementor-element-populated\">\n\t\t\t\t\t\t<div class=\"elementor-element elementor-element-3f34d92 elementor-widget elementor-widget-heading\" data-id=\"3f34d92\" data-element_type=\"widget\" data-e-type=\"widget\" data-widget_type=\"heading.default\">\n\t\t\t\t<div class=\"elementor-widget-container\">\n\t\t\t\t\t<h2 class=\"elementor-heading-title elementor-size-default\">mais novidades em breve.<\/h2>\t\t\t\t<\/div>\n\t\t\t\t<\/div>\n\t\t\t\t\t<\/div>\n\t\t<\/div>\n\t\t\t\t\t<\/div>\n\t\t<\/section>\n\t\t\t\t<section class=\"elementor-section elementor-top-section elementor-element elementor-element-645f5be elementor-section-boxed elementor-section-height-default elementor-section-height-default\" data-id=\"645f5be\" data-element_type=\"section\" data-e-type=\"section\">\n\t\t\t\t\t\t<div class=\"elementor-container elementor-column-gap-default\">\n\t\t\t\t\t<div class=\"elementor-column elementor-col-100 elementor-top-column elementor-element elementor-element-e07e8a6\" data-id=\"e07e8a6\" data-element_type=\"column\" data-e-type=\"column\">\n\t\t\t<div class=\"elementor-widget-wrap elementor-element-populated\">\n\t\t\t\t\t\t<div class=\"elementor-element elementor-element-e5cf0f6 elementor-widget elementor-widget-spacer\" data-id=\"e5cf0f6\" data-element_type=\"widget\" data-e-type=\"widget\" data-widget_type=\"spacer.default\">\n\t\t\t\t<div class=\"elementor-widget-container\">\n\t\t\t\t\t\t\t<div class=\"elementor-spacer\">\n\t\t\t<div class=\"elementor-spacer-inner\"><\/div>\n\t\t<\/div>\n\t\t\t\t\t\t<\/div>\n\t\t\t\t<\/div>\n\t\t\t\t\t<\/div>\n\t\t<\/div>\n\t\t\t\t\t<\/div>\n\t\t<\/section>\n\t\t\t\t<\/div>\n\t\t","protected":false},"excerpt":{"rendered":"<p>IX Feira de emprego e est\u00e1gios 4 a 6 de mar\u00e7o de 2026 A IX Feira de Emprego e Est\u00e1gios, organizada pelo [&hellip;]<\/p>\n","protected":false},"author":1,"featured_media":0,"parent":0,"menu_order":0,"comment_status":"closed","ping_status":"closed","template":"elementor_header_footer","meta":{"_monsterinsights_skip_tracking":false,"_monsterinsights_sitenote_active":false,"_monsterinsights_sitenote_note":"","_monsterinsights_sitenote_category":0,"footnotes":""},"class_list":["post-2063","page","type-page","status-publish","hentry"],"_links":{"self":[{"href":"https:\/\/nedf.pt\/index.php\/wp-json\/wp\/v2\/pages\/2063","targetHints":{"allow":["GET"]}}],"collection":[{"href":"https:\/\/nedf.pt\/index.php\/wp-json\/wp\/v2\/pages"}],"about":[{"href":"https:\/\/nedf.pt\/index.php\/wp-json\/wp\/v2\/types\/page"}],"author":[{"embeddable":true,"href":"https:\/\/nedf.pt\/index.php\/wp-json\/wp\/v2\/users\/1"}],"replies":[{"embeddable":true,"href":"https:\/\/nedf.pt\/index.php\/wp-json\/wp\/v2\/comments?post=2063"}],"version-history":[{"count":19,"href":"https:\/\/nedf.pt\/index.php\/wp-json\/wp\/v2\/pages\/2063\/revisions"}],"predecessor-version":[{"id":3643,"href":"https:\/\/nedf.pt\/index.php\/wp-json\/wp\/v2\/pages\/2063\/revisions\/3643"}],"wp:attachment":[{"href":"https:\/\/nedf.pt\/index.php\/wp-json\/wp\/v2\/media?parent=2063"}],"curies":[{"name":"wp","href":"https:\/\/api.w.org\/{rel}","templated":true}]}}