{"id":2070,"date":"2025-07-27T18:53:45","date_gmt":"2025-07-27T18:53:45","guid":{"rendered":"https:\/\/nedf.pt\/?page_id=2070"},"modified":"2026-02-13T16:51:28","modified_gmt":"2026-02-13T16:51:28","slug":"cidadao-de-segunda-a-sexta","status":"publish","type":"page","link":"https:\/\/nedf.pt\/index.php\/cidadao-de-segunda-a-sexta\/","title":{"rendered":"Cidad\u00e3o de Segunda a Sexta"},"content":{"rendered":"\t\t<div data-elementor-type=\"wp-page\" data-elementor-id=\"2070\" class=\"elementor elementor-2070\" data-elementor-post-type=\"page\">\n\t\t\t\t\t\t<section class=\"elementor-section elementor-top-section elementor-element elementor-element-3c5f2cd elementor-section-boxed elementor-section-height-default elementor-section-height-default\" data-id=\"3c5f2cd\" data-element_type=\"section\" data-e-type=\"section\">\n\t\t\t\t\t\t<div class=\"elementor-container elementor-column-gap-default\">\n\t\t\t\t\t<div class=\"elementor-column elementor-col-100 elementor-top-column elementor-element elementor-element-85afbd1\" data-id=\"85afbd1\" data-element_type=\"column\" data-e-type=\"column\">\n\t\t\t<div class=\"elementor-widget-wrap elementor-element-populated\">\n\t\t\t\t\t\t<div class=\"elementor-element elementor-element-68bec6b elementor-widget elementor-widget-spacer\" data-id=\"68bec6b\" data-element_type=\"widget\" data-e-type=\"widget\" data-widget_type=\"spacer.default\">\n\t\t\t\t<div class=\"elementor-widget-container\">\n\t\t\t\t\t\t\t<div class=\"elementor-spacer\">\n\t\t\t<div class=\"elementor-spacer-inner\"><\/div>\n\t\t<\/div>\n\t\t\t\t\t\t<\/div>\n\t\t\t\t<\/div>\n\t\t\t\t\t<\/div>\n\t\t<\/div>\n\t\t\t\t\t<\/div>\n\t\t<\/section>\n\t\t\t\t<section class=\"elementor-section elementor-top-section elementor-element elementor-element-efcb116 elementor-section-boxed elementor-section-height-default elementor-section-height-default\" data-id=\"efcb116\" data-element_type=\"section\" data-e-type=\"section\">\n\t\t\t\t\t\t<div class=\"elementor-container elementor-column-gap-default\">\n\t\t\t\t\t<div class=\"elementor-column elementor-col-100 elementor-top-column elementor-element elementor-element-64c53dc\" data-id=\"64c53dc\" data-element_type=\"column\" data-e-type=\"column\">\n\t\t\t<div class=\"elementor-widget-wrap elementor-element-populated\">\n\t\t\t\t\t\t<div class=\"elementor-element elementor-element-c8a1b9d elementor-widget elementor-widget-heading\" data-id=\"c8a1b9d\" data-element_type=\"widget\" data-e-type=\"widget\" data-widget_type=\"heading.default\">\n\t\t\t\t<div class=\"elementor-widget-container\">\n\t\t\t\t\t<h2 class=\"elementor-heading-title elementor-size-default\">Cidad\u00e3o de segunda a sexta<\/h2>\t\t\t\t<\/div>\n\t\t\t\t<\/div>\n\t\t\t\t\t<\/div>\n\t\t<\/div>\n\t\t\t\t\t<\/div>\n\t\t<\/section>\n\t\t\t\t<section class=\"elementor-section elementor-top-section elementor-element elementor-element-2ef5a2e elementor-section-boxed elementor-section-height-default elementor-section-height-default\" data-id=\"2ef5a2e\" data-element_type=\"section\" data-e-type=\"section\">\n\t\t\t\t\t\t<div class=\"elementor-container elementor-column-gap-default\">\n\t\t\t\t\t<div class=\"elementor-column elementor-col-100 elementor-top-column elementor-element elementor-element-c5c0de1\" data-id=\"c5c0de1\" data-element_type=\"column\" data-e-type=\"column\">\n\t\t\t<div class=\"elementor-widget-wrap elementor-element-populated\">\n\t\t\t\t\t\t<div class=\"elementor-element elementor-element-9f15a89 elementor-widget elementor-widget-text-editor\" data-id=\"9f15a89\" data-element_type=\"widget\" data-e-type=\"widget\" data-widget_type=\"text-editor.default\">\n\t\t\t\t<div class=\"elementor-widget-container\">\n\t\t\t\t\t\t\t\t\t<p>Pelouro de Interven\u00e7\u00e3o C\u00edvica<\/p>\t\t\t\t\t\t\t\t<\/div>\n\t\t\t\t<\/div>\n\t\t\t\t\t<\/div>\n\t\t<\/div>\n\t\t\t\t\t<\/div>\n\t\t<\/section>\n\t\t\t\t<section class=\"elementor-section elementor-top-section elementor-element elementor-element-2d4bda2 elementor-section-boxed elementor-section-height-default elementor-section-height-default\" data-id=\"2d4bda2\" data-element_type=\"section\" data-e-type=\"section\">\n\t\t\t\t\t\t<div class=\"elementor-container elementor-column-gap-default\">\n\t\t\t\t\t<div class=\"elementor-column elementor-col-50 elementor-top-column elementor-element elementor-element-8a3912b\" data-id=\"8a3912b\" data-element_type=\"column\" data-e-type=\"column\">\n\t\t\t<div class=\"elementor-widget-wrap elementor-element-populated\">\n\t\t\t\t\t\t<div class=\"elementor-element elementor-element-ac568c8 elementor-widget elementor-widget-image\" data-id=\"ac568c8\" data-element_type=\"widget\" data-e-type=\"widget\" data-widget_type=\"image.default\">\n\t\t\t\t<div class=\"elementor-widget-container\">\n\t\t\t\t\t\t\t\t\t\t\t\t\t\t\t<img fetchpriority=\"high\" decoding=\"async\" width=\"300\" height=\"300\" src=\"https:\/\/nedf.pt\/wp-content\/uploads\/2025\/10\/Podcast-Capas-Spotify-300x300.jpg\" class=\"attachment-medium size-medium wp-image-3539\" alt=\"\" srcset=\"https:\/\/nedf.pt\/wp-content\/uploads\/2025\/10\/Podcast-Capas-Spotify-300x300.jpg 300w, https:\/\/nedf.pt\/wp-content\/uploads\/2025\/10\/Podcast-Capas-Spotify-1024x1024.jpg 1024w, https:\/\/nedf.pt\/wp-content\/uploads\/2025\/10\/Podcast-Capas-Spotify-150x150.jpg 150w, https:\/\/nedf.pt\/wp-content\/uploads\/2025\/10\/Podcast-Capas-Spotify-768x768.jpg 768w, https:\/\/nedf.pt\/wp-content\/uploads\/2025\/10\/Podcast-Capas-Spotify-1000x1000.jpg 1000w, https:\/\/nedf.pt\/wp-content\/uploads\/2025\/10\/Podcast-Capas-Spotify-230x230.jpg 230w, https:\/\/nedf.pt\/wp-content\/uploads\/2025\/10\/Podcast-Capas-Spotify-350x350.jpg 350w, https:\/\/nedf.pt\/wp-content\/uploads\/2025\/10\/Podcast-Capas-Spotify-480x480.jpg 480w, https:\/\/nedf.pt\/wp-content\/uploads\/2025\/10\/Podcast-Capas-Spotify.jpg 1400w\" sizes=\"(max-width: 300px) 100vw, 300px\" \/>\t\t\t\t\t\t\t\t\t\t\t\t\t\t\t<\/div>\n\t\t\t\t<\/div>\n\t\t\t\t\t<\/div>\n\t\t<\/div>\n\t\t\t\t<div class=\"elementor-column elementor-col-50 elementor-top-column elementor-element elementor-element-f47350f\" data-id=\"f47350f\" data-element_type=\"column\" data-e-type=\"column\">\n\t\t\t<div class=\"elementor-widget-wrap elementor-element-populated\">\n\t\t\t\t\t\t<div class=\"elementor-element elementor-element-c237eb6 elementor-widget elementor-widget-heading\" data-id=\"c237eb6\" data-element_type=\"widget\" data-e-type=\"widget\" data-widget_type=\"heading.default\">\n\t\t\t\t<div class=\"elementor-widget-container\">\n\t\t\t\t\t<h2 class=\"elementor-heading-title elementor-size-default\">Epis\u00f3dio 1 - Sa\u00fade Mental<\/h2>\t\t\t\t<\/div>\n\t\t\t\t<\/div>\n\t\t\t\t<div class=\"elementor-element elementor-element-afc3a98 elementor-widget__width-initial elementor-widget elementor-widget-text-editor\" data-id=\"afc3a98\" data-element_type=\"widget\" data-e-type=\"widget\" data-widget_type=\"text-editor.default\">\n\t\t\t\t<div class=\"elementor-widget-container\">\n\t\t\t\t\t\t\t\t\t<p><span style=\"text-align: center;\">Neste 1\u00ba epis\u00f3dio mergulh\u00e1mos num tema essencial: Sa\u00fade Mental.<\/span><\/p><p>Entre partilhas genu\u00ednas e necess\u00e1rias, ouvimos as vozes da Psic\u00f3loga Mariana Ribeiro e T\u00e2nia Fonseca, membro da SOS Estudante, que contaram um bocadinho da sua experi\u00eancia e vis\u00e3o sobre a import\u00e2ncia do bem-estar psicol\u00f3gico.<\/p><p>J\u00e1 podes ouvir o epis\u00f3dio completo no Spotify.<\/p>\t\t\t\t\t\t\t\t<\/div>\n\t\t\t\t<\/div>\n\t\t\t\t<div class=\"elementor-element elementor-element-679e9d6 elementor-align-center elementor-widget elementor-widget-button\" data-id=\"679e9d6\" data-element_type=\"widget\" data-e-type=\"widget\" data-widget_type=\"button.default\">\n\t\t\t\t<div class=\"elementor-widget-container\">\n\t\t\t\t\t\t\t\t\t<div class=\"elementor-button-wrapper\">\n\t\t\t\t\t<a class=\"elementor-button elementor-button-link elementor-size-sm\" href=\"#\" target=\"_blank\">\n\t\t\t\t\t\t<span class=\"elementor-button-content-wrapper\">\n\t\t\t\t\t\t\t\t\t<span class=\"elementor-button-text\">Epis\u00f3dio 1<\/span>\n\t\t\t\t\t<\/span>\n\t\t\t\t\t<\/a>\n\t\t\t\t<\/div>\n\t\t\t\t\t\t\t\t<\/div>\n\t\t\t\t<\/div>\n\t\t\t\t\t<\/div>\n\t\t<\/div>\n\t\t\t\t\t<\/div>\n\t\t<\/section>\n\t\t\t\t<section class=\"elementor-section elementor-top-section elementor-element elementor-element-b1aa6a9 elementor-section-boxed elementor-section-height-default elementor-section-height-default\" data-id=\"b1aa6a9\" data-element_type=\"section\" data-e-type=\"section\">\n\t\t\t\t\t\t<div class=\"elementor-container elementor-column-gap-default\">\n\t\t\t\t\t<div class=\"elementor-column elementor-col-100 elementor-top-column elementor-element elementor-element-29d895a\" data-id=\"29d895a\" data-element_type=\"column\" data-e-type=\"column\">\n\t\t\t<div class=\"elementor-widget-wrap elementor-element-populated\">\n\t\t\t\t\t\t<div class=\"elementor-element elementor-element-2db11c8 elementor-widget elementor-widget-spacer\" data-id=\"2db11c8\" data-element_type=\"widget\" data-e-type=\"widget\" data-widget_type=\"spacer.default\">\n\t\t\t\t<div class=\"elementor-widget-container\">\n\t\t\t\t\t\t\t<div class=\"elementor-spacer\">\n\t\t\t<div class=\"elementor-spacer-inner\"><\/div>\n\t\t<\/div>\n\t\t\t\t\t\t<\/div>\n\t\t\t\t<\/div>\n\t\t\t\t\t<\/div>\n\t\t<\/div>\n\t\t\t\t\t<\/div>\n\t\t<\/section>\n\t\t\t\t<section class=\"elementor-section elementor-top-section elementor-element elementor-element-faa1606 elementor-section-boxed elementor-section-height-default elementor-section-height-default\" data-id=\"faa1606\" data-element_type=\"section\" data-e-type=\"section\">\n\t\t\t\t\t\t<div class=\"elementor-container elementor-column-gap-default\">\n\t\t\t\t\t<div class=\"elementor-column elementor-col-50 elementor-top-column elementor-element elementor-element-84086d5\" data-id=\"84086d5\" data-element_type=\"column\" data-e-type=\"column\">\n\t\t\t<div class=\"elementor-widget-wrap elementor-element-populated\">\n\t\t\t\t\t\t<div class=\"elementor-element elementor-element-0a50032 elementor-widget elementor-widget-image\" data-id=\"0a50032\" data-element_type=\"widget\" data-e-type=\"widget\" data-widget_type=\"image.default\">\n\t\t\t\t<div class=\"elementor-widget-container\">\n\t\t\t\t\t\t\t\t\t\t\t\t\t\t\t<img decoding=\"async\" width=\"300\" height=\"300\" src=\"https:\/\/nedf.pt\/wp-content\/uploads\/2026\/01\/Podcast-Capas-Spotify-300x300.jpg\" class=\"attachment-medium size-medium wp-image-4260\" alt=\"\" srcset=\"https:\/\/nedf.pt\/wp-content\/uploads\/2026\/01\/Podcast-Capas-Spotify-300x300.jpg 300w, https:\/\/nedf.pt\/wp-content\/uploads\/2026\/01\/Podcast-Capas-Spotify-1024x1024.jpg 1024w, https:\/\/nedf.pt\/wp-content\/uploads\/2026\/01\/Podcast-Capas-Spotify-150x150.jpg 150w, https:\/\/nedf.pt\/wp-content\/uploads\/2026\/01\/Podcast-Capas-Spotify-768x768.jpg 768w, https:\/\/nedf.pt\/wp-content\/uploads\/2026\/01\/Podcast-Capas-Spotify-1000x1000.jpg 1000w, https:\/\/nedf.pt\/wp-content\/uploads\/2026\/01\/Podcast-Capas-Spotify-230x230.jpg 230w, https:\/\/nedf.pt\/wp-content\/uploads\/2026\/01\/Podcast-Capas-Spotify-350x350.jpg 350w, https:\/\/nedf.pt\/wp-content\/uploads\/2026\/01\/Podcast-Capas-Spotify-480x480.jpg 480w, https:\/\/nedf.pt\/wp-content\/uploads\/2026\/01\/Podcast-Capas-Spotify.jpg 1400w\" sizes=\"(max-width: 300px) 100vw, 300px\" \/>\t\t\t\t\t\t\t\t\t\t\t\t\t\t\t<\/div>\n\t\t\t\t<\/div>\n\t\t\t\t\t<\/div>\n\t\t<\/div>\n\t\t\t\t<div class=\"elementor-column elementor-col-50 elementor-top-column elementor-element elementor-element-48df9f5\" data-id=\"48df9f5\" data-element_type=\"column\" data-e-type=\"column\">\n\t\t\t<div class=\"elementor-widget-wrap elementor-element-populated\">\n\t\t\t\t\t\t<div class=\"elementor-element elementor-element-94389bc elementor-widget elementor-widget-heading\" data-id=\"94389bc\" data-element_type=\"widget\" data-e-type=\"widget\" data-widget_type=\"heading.default\">\n\t\t\t\t<div class=\"elementor-widget-container\">\n\t\t\t\t\t<h2 class=\"elementor-heading-title elementor-size-default\">Epis\u00f3dio 2- Renato Daniel<\/h2>\t\t\t\t<\/div>\n\t\t\t\t<\/div>\n\t\t\t\t<div class=\"elementor-element elementor-element-4add020 elementor-widget__width-initial elementor-widget elementor-widget-text-editor\" data-id=\"4add020\" data-element_type=\"widget\" data-e-type=\"widget\" data-widget_type=\"text-editor.default\">\n\t\t\t\t<div class=\"elementor-widget-container\">\n\t\t\t\t\t\t\t\t\t<p><span style=\"text-align: center;\">Neste 2\u00ba epis\u00f3dio recebemos Renato Daniel, uma figura incontorn\u00e1vel do universo acad\u00e9mico e associativo de Coimbra<\/span><\/p><p>Entre mem\u00f3rias da Universidade de Coimbra e da Associa\u00e7\u00e3o Acad\u00e9mica de Coimbra, esta conversa percorre caminhos de lideran\u00e7a, responsabilidade c\u00edvica e compromisso com o outro.<\/p><p>J\u00e1 podes ouvir o epis\u00f3dio completo no Spotify.<\/p>\t\t\t\t\t\t\t\t<\/div>\n\t\t\t\t<\/div>\n\t\t\t\t<div class=\"elementor-element elementor-element-dd896a5 elementor-align-center elementor-widget elementor-widget-button\" data-id=\"dd896a5\" data-element_type=\"widget\" data-e-type=\"widget\" data-widget_type=\"button.default\">\n\t\t\t\t<div class=\"elementor-widget-container\">\n\t\t\t\t\t\t\t\t\t<div class=\"elementor-button-wrapper\">\n\t\t\t\t\t<a class=\"elementor-button elementor-button-link elementor-size-sm\" href=\"https:\/\/open.spotify.com\/episode\/5O3yjucWS6XxqUWbKTMfEf?si=rcNF45VWTOCBAybn7wsK3Q\" target=\"_blank\">\n\t\t\t\t\t\t<span class=\"elementor-button-content-wrapper\">\n\t\t\t\t\t\t\t\t\t<span class=\"elementor-button-text\">Epis\u00f3dio 2<\/span>\n\t\t\t\t\t<\/span>\n\t\t\t\t\t<\/a>\n\t\t\t\t<\/div>\n\t\t\t\t\t\t\t\t<\/div>\n\t\t\t\t<\/div>\n\t\t\t\t\t<\/div>\n\t\t<\/div>\n\t\t\t\t\t<\/div>\n\t\t<\/section>\n\t\t\t\t<section class=\"elementor-section elementor-top-section elementor-element elementor-element-74b0944 elementor-section-boxed elementor-section-height-default elementor-section-height-default\" data-id=\"74b0944\" data-element_type=\"section\" data-e-type=\"section\">\n\t\t\t\t\t\t<div class=\"elementor-container elementor-column-gap-default\">\n\t\t\t\t\t<div class=\"elementor-column elementor-col-50 elementor-top-column elementor-element elementor-element-a50b1ce\" data-id=\"a50b1ce\" data-element_type=\"column\" data-e-type=\"column\">\n\t\t\t<div class=\"elementor-widget-wrap elementor-element-populated\">\n\t\t\t\t\t\t<div class=\"elementor-element elementor-element-74908e3 elementor-widget elementor-widget-image\" data-id=\"74908e3\" data-element_type=\"widget\" data-e-type=\"widget\" data-widget_type=\"image.default\">\n\t\t\t\t<div class=\"elementor-widget-container\">\n\t\t\t\t\t\t\t\t\t\t\t\t\t\t\t<img decoding=\"async\" width=\"300\" height=\"300\" src=\"https:\/\/nedf.pt\/wp-content\/uploads\/2026\/02\/Podcast-Capas-Spotify-300x300.jpg\" class=\"attachment-medium size-medium wp-image-4281\" alt=\"\" srcset=\"https:\/\/nedf.pt\/wp-content\/uploads\/2026\/02\/Podcast-Capas-Spotify-300x300.jpg 300w, https:\/\/nedf.pt\/wp-content\/uploads\/2026\/02\/Podcast-Capas-Spotify-1024x1024.jpg 1024w, https:\/\/nedf.pt\/wp-content\/uploads\/2026\/02\/Podcast-Capas-Spotify-150x150.jpg 150w, https:\/\/nedf.pt\/wp-content\/uploads\/2026\/02\/Podcast-Capas-Spotify-768x768.jpg 768w, https:\/\/nedf.pt\/wp-content\/uploads\/2026\/02\/Podcast-Capas-Spotify-1000x1000.jpg 1000w, https:\/\/nedf.pt\/wp-content\/uploads\/2026\/02\/Podcast-Capas-Spotify-230x230.jpg 230w, https:\/\/nedf.pt\/wp-content\/uploads\/2026\/02\/Podcast-Capas-Spotify-350x350.jpg 350w, https:\/\/nedf.pt\/wp-content\/uploads\/2026\/02\/Podcast-Capas-Spotify-480x480.jpg 480w, https:\/\/nedf.pt\/wp-content\/uploads\/2026\/02\/Podcast-Capas-Spotify.jpg 1400w\" sizes=\"(max-width: 300px) 100vw, 300px\" \/>\t\t\t\t\t\t\t\t\t\t\t\t\t\t\t<\/div>\n\t\t\t\t<\/div>\n\t\t\t\t\t<\/div>\n\t\t<\/div>\n\t\t\t\t<div class=\"elementor-column elementor-col-50 elementor-top-column elementor-element elementor-element-411f62e\" data-id=\"411f62e\" data-element_type=\"column\" data-e-type=\"column\">\n\t\t\t<div class=\"elementor-widget-wrap elementor-element-populated\">\n\t\t\t\t\t\t<div class=\"elementor-element elementor-element-5725b84 elementor-widget elementor-widget-heading\" data-id=\"5725b84\" data-element_type=\"widget\" data-e-type=\"widget\" data-widget_type=\"heading.default\">\n\t\t\t\t<div class=\"elementor-widget-container\">\n\t\t\t\t\t<h2 class=\"elementor-heading-title elementor-size-default\">Epis\u00f3dio 3- Voluntariado exterior<br><\/h2>\t\t\t\t<\/div>\n\t\t\t\t<\/div>\n\t\t\t\t<div class=\"elementor-element elementor-element-80aa48f elementor-widget__width-initial elementor-widget elementor-widget-text-editor\" data-id=\"80aa48f\" data-element_type=\"widget\" data-e-type=\"widget\" data-widget_type=\"text-editor.default\">\n\t\t\t\t<div class=\"elementor-widget-container\">\n\t\t\t\t\t\t\t\t\t<p><span style=\"text-align: center;\">Neste 3\u00ba epis\u00f3dio <\/span>apresentamos Joana Ramos , numa conversa inspiradora onde se aborda o impacto transformador do voluntariado.<\/p><p>Ao sair da sua zona de conforto , a Joana partilha connosco a sua jornada, revelando como \u00e9 a realidade de dedicar o tempo ao outro num contexto totalmente distinto do seu. Entre desafios inesperados e grandes li\u00e7\u00f5es , este epis\u00f3dio percorre caminhos de motiva\u00e7\u00e3o, desmistifica mitos sobre a ajuda humanit\u00e1ria e reflete sobre como estas experi\u00eancias mudam a nossa maneira de ver o mundo.<\/p><p>J\u00e1 podes ouvir o epis\u00f3dio completo no Spotify.<\/p>\t\t\t\t\t\t\t\t<\/div>\n\t\t\t\t<\/div>\n\t\t\t\t<div class=\"elementor-element elementor-element-b58379a elementor-align-center elementor-widget elementor-widget-button\" data-id=\"b58379a\" data-element_type=\"widget\" data-e-type=\"widget\" data-widget_type=\"button.default\">\n\t\t\t\t<div class=\"elementor-widget-container\">\n\t\t\t\t\t\t\t\t\t<div class=\"elementor-button-wrapper\">\n\t\t\t\t\t<a class=\"elementor-button elementor-button-link elementor-size-sm\" href=\"https:\/\/open.spotify.com\/episode\/5UelxgJHB7ecFR2Cy0MGdW?si=728c28413b1a4a91\" target=\"_blank\">\n\t\t\t\t\t\t<span class=\"elementor-button-content-wrapper\">\n\t\t\t\t\t\t\t\t\t<span class=\"elementor-button-text\">Epis\u00f3dio 3<\/span>\n\t\t\t\t\t<\/span>\n\t\t\t\t\t<\/a>\n\t\t\t\t<\/div>\n\t\t\t\t\t\t\t\t<\/div>\n\t\t\t\t<\/div>\n\t\t\t\t\t<\/div>\n\t\t<\/div>\n\t\t\t\t\t<\/div>\n\t\t<\/section>\n\t\t\t\t<\/div>\n\t\t","protected":false},"excerpt":{"rendered":"<p>Cidad\u00e3o de segunda a sexta Pelouro de Interven\u00e7\u00e3o C\u00edvica Epis\u00f3dio 1 &#8211; Sa\u00fade Mental Neste 1\u00ba epis\u00f3dio mergulh\u00e1mos num tema essencial: Sa\u00fade [&hellip;]<\/p>\n","protected":false},"author":1,"featured_media":0,"parent":0,"menu_order":0,"comment_status":"closed","ping_status":"closed","template":"elementor_header_footer","meta":{"_monsterinsights_skip_tracking":false,"_monsterinsights_sitenote_active":false,"_monsterinsights_sitenote_note":"","_monsterinsights_sitenote_category":0,"footnotes":""},"class_list":["post-2070","page","type-page","status-publish","hentry"],"_links":{"self":[{"href":"https:\/\/nedf.pt\/index.php\/wp-json\/wp\/v2\/pages\/2070","targetHints":{"allow":["GET"]}}],"collection":[{"href":"https:\/\/nedf.pt\/index.php\/wp-json\/wp\/v2\/pages"}],"about":[{"href":"https:\/\/nedf.pt\/index.php\/wp-json\/wp\/v2\/types\/page"}],"author":[{"embeddable":true,"href":"https:\/\/nedf.pt\/index.php\/wp-json\/wp\/v2\/users\/1"}],"replies":[{"embeddable":true,"href":"https:\/\/nedf.pt\/index.php\/wp-json\/wp\/v2\/comments?post=2070"}],"version-history":[{"count":37,"href":"https:\/\/nedf.pt\/index.php\/wp-json\/wp\/v2\/pages\/2070\/revisions"}],"predecessor-version":[{"id":4288,"href":"https:\/\/nedf.pt\/index.php\/wp-json\/wp\/v2\/pages\/2070\/revisions\/4288"}],"wp:attachment":[{"href":"https:\/\/nedf.pt\/index.php\/wp-json\/wp\/v2\/media?parent=2070"}],"curies":[{"name":"wp","href":"https:\/\/api.w.org\/{rel}","templated":true}]}}